61977 composite?
False
Is 21415121087 composite?
True
Is 4249309019 a prime number?
True
Is 800261599 a prime number?
False
Is 113729507 prime?
False
Is 162110481591 a composite number?
True
Is 28302593203 composite?
True
Is 162314141 a composite number?
True
Is 2913019507 prime?
True
Is 494536633 composite?
True
Is 25235450203 composite?
True
Is 14181773189 a composite number?
False
Is 1193038991 a composite number?
False
Is 24813046927 a prime number?
False
Is 4233146759 prime?
True
Is 1564640927 a composite number?
False
Is 143198454197 prime?
True
Is 88715684129 a composite number?
False
Is 183114431 prime?
False
Is 25146270827 a prime number?
False
Is 21624568817 a prime number?
True
Is 39289619 prime?
True
Is 7084079393 a prime number?
False
Is 15973739323 prime?
False
Is 1260712513 prime?
True
Is 1925875309 a composite number?
False
Is 4232076221 a composite number?
False
Is 289172003 composite?
False
Is 5054335795 a prime number?
False
Is 8969988259 prime?
True
Is 26580932705 composite?
True
Is 1703602777 composite?
False
Is 2132532707 a prime number?
False
Is 815766841 composite?
False
Is 54381159191 prime?
False
Is 68372359 prime?
False
Is 245538991 a composite number?
False
Is 4165224241 a composite number?
True
Is 24161965913 composite?
True
Is 110266590113 prime?
True
Is 5602440793 a prime number?
False
Is 1353879403 composite?
False
Is 83806187849 a prime number?
True
Is 1413944393 a prime number?
True
Is 307267171 composite?
False
Is 1237698151 prime?
False
Is 700852129 prime?
True
Is 8797423781 composite?
False
Is 8219686073 prime?
True
Is 1352511991 prime?
True
Is 25228431017 a prime number?
True
Is 1394832437 a composite number?
False
Is 4059466067 a prime number?
True
Is 3830416439 composite?
False
Is 1012301189 a composite number?
False
Is 4102132277 a composite number?
True
Is 428680453 a prime number?
True
Is 27085830403 composite?
False
Is 2552464231 composite?
False
Is 1494059201 prime?
True
Is 3202567463 composite?
True
Is 8256160837 prime?
True
Is 2070431267 a composite number?
False
Is 4640856613 a composite number?
False
Is 6097140947 prime?
False
Is 214941187 a prime number?
False
Is 48175978321 a prime number?
True
Is 34209950761 a prime number?
False
Is 24121064489 a prime number?
True
Is 2267683081 composite?
False
Is 823091887 composite?
True
Is 3441885145 a composite number?
True
Is 6679017407 prime?
True
Is 2456839771 a composite number?
False
Is 241386344807 a prime number?
True
Is 11337634649 prime?
False
Is 5274799591 a composite number?
True
Is 19234009783 a prime number?
False
Is 10029471251 prime?
True
Is 759442555 composite?
True
Is 834951343 prime?
False
Is 20540333563 prime?
False
Is 939602429 a composite number?
False
Is 951861011 a composite number?
True
Is 2600027431 a prime number?
False
Is 318059021 prime?
False
Is 45739803 composite?
True
Is 269000947261 composite?
True
Is 20896707229 a prime number?
True
Is 14341332611 composite?
True
Is 190302318053 composite?
False
Is 7317207217 composite?
False
Is 22966598617 composite?
False
Is 23915800421 a composite number?
False
Is 106093793761 a prime number?
False
Is 7343797711 a composite number?
True
Is 4307689103 a prime number?
False
Is 1380954473 prime?
False
Is 28994115677 prime?
True
Is 23489134219 prime?
True
Is 2757564991 a prime number?
False
Is 3207962447 a prime number?
True
Is 346013891 a prime number?
False
Is 112329205 a composite number?
True
Is 2925825667 composite?
False
Is 3813307607 composite?
False
Is 1179992651 a prime number?
True
Is 414385141 a prime number?
False
Is 3235536347 prime?
True
Is 692782969 prime?
False
Is 148929617 prime?
True
Is 241227627737 a composite number?
False
Is 727251527 a composite number?
False
Is 10561772123 a composite number?
True
Is 196671203 prime?
True
Is 19296542989 prime?
True
Is 20271381149 a prime number?
True
Is 1435543339 composite?
False
Is 7873193803 composite?
True
Is 9138031282 composite?
True
Is 584973841 prime?
True
Is 852909095 composite?
True
Is 8466838249 a prime number?
True
Is 570427951 composite?
False
Is 3804101801 a prime number?
False
Is 14035694033 a composite number?
False
Is 16297451671 composite?
False
Is 33265777133 composite?
False
Is 10873158869 a composite number?
True
Is 2304794117 a composite number?
False
Is 60823813 composite?
False
Is 3966570847 a composite number?
False
Is 5638839857 prime?
False
Is 35363069221 prime?
False
Is 30277277237 a composite number?
False
Is 707755931 composite?
True
Is 12242287847 composite?
True
Is 11615044213 a prime number?
True
Is 28220039977 composite?
False
Is 6423617971 a prime number?
True
Is 832685827 prime?
True
Is 3062900641 a prime number?
False
Is 68283457345 composite?
True
Is 39979441 prime?
False
Is 1455442823 a prime number?
False
Is 1381254263 a composite number?
True
Is 1286289203 prime?
True
Is 4665741761 a composite number?
False
Is 13731957311 prime?
True
Is 6400278109 a prime number?
True
Is 3911855417 a prime number?
False
Is 2231994041 composite?
False
Is 4974470561 a prime number?
True
Is 16507949917 a composite number?
False
Is 27347125233 composite?
True
Is 43478591183 composite?
True
Is 3359913443 a composite number?
False
Is 127755497 prime?
False
Is 3951728589 composite?
True
Is 10619085031 a composite number?
False
Is 269757212381 a composite number?
False
Is 5967791309 a composite number?
True
Is 3263937221 a prime number?
True
Is 3671126909 a prime number?
True
Is 7083791579 composite?
False
Is 27529863187 composite?
True
Is 94093399 composite?
False
Is 154746497 prime?
True
Is 46546199849 composite?
True
Is 1052474002 a composite number?
True
Is 7954930031 a composite number?
False
Is 5488159451 a prime number?
False
Is 34857834761 a composite number?
True
Is 19417336733 a composite number?
False
Is 10018689701 prime?
True
Is 177304913623 a prime number?
True
Is 205125253 prime?
True
Is 729930457 prime?
True
Is 1417321837 composite?
True
Is 1999597793 prime?
True
Is 785601893 a composite number?
False
Is 11535204481 prime?
True
Is 451083223 composite?
False
Is 2375660597 prime?
False
Is 9151843489 prime?
True
Is 42316864561 composite?
False
Is 235790237 a composite number?
False
Is 56302013 prime?
True
Is 44189822041 a composite number?
False
Is 290036689 a composite number?
False
Is 9029061557 a prime number?
False
Is 38077105193 composite?
False
Is 360026865479 a prime number?
False
Is 3613147703 composite?
True
Is 68380469671 a composite number?
False
Is 115173619 composite?
True
Is 75196128386 a composite number?
True
Is 17913030757 composite?
False
Is 276846515447 prime?
True
Is 2017024217 composite?
True
Is 2718732235 a composite number?
True
Is 151953199 a prime number?
True
Is 38776717033 composite?
False
Is 34544079671 prime?
True
Is 107133644749 prime?
True
Is 530136911 a prime number?
True
Is 409722557 composite?
True
Is 238046563 composite?
True
Is 21782308409 a composite number?
False
Is 11383582085 composite?
True
Is 81752149 prime?
True
Is 165751991 prime?
False
Is 519501383 a prime number?
True
Is 45808788031 prime?
True
Is 374017229 a composite number?
False
Is 773153867 a composite number?
True
Is 4221032009 a composite number?
False
Is 26402951969 composite?
True
Is 1817858437 composite?
False
Is 25342549439 a composite number?
True
Is 10139293331 a composite number?
True
Is 118586757407 prime?
True
Is 126692539 a composite number?
False
Is 316752157 a composite number?
True
Is 2254812949 prime?
False
Is 30782556059 a composite number?
False
Is 2305625383 composite?
True
Is 24229306109 prime?
False
Is 29987545583 composite?
True
Is 14752763957 a prime number?
False
Is 13156325737 prime?
True
Is 888152171 prime?
True
Is 196137791 a composite number?
False
Is 32530897913 prime?
True
Is 4077268231 a composite number?
True
Is 4738264805 a composite number?
True
Is 1566599581 a prime number?
False
Is 693743113 a composite number?
True
Is 857079443 a prime number?
False
Is 1950692609 prime?
True
Is 1605474397 prime?
True
Is 2939100881 composite?
False
Is 862221271 a composite number?
False
Is 296655658937 composite?
True
Is 77983957685 a composite number?
True
Is 686843653 a prime number?
False
Is 3535641883 a prime number?
False
Is 17149105847 composite?
False
Is 12807527189 a prime 